et m be (s/(-1) + 0)/(-1). Is v(m) a composite number?
False
Let c = 86 - 68. Is (9/c)/((-3615)/(-1806) - 2) a composite number?
True
Suppose -14*l = 4*l - 47358. Is l composite?
True
Let k be 4*((-3)/(-20) - 32/80). Suppose 0 = 2*t + t + 3. Is t*(6 + k)*-17 a prime number?
False
Is (10977/2)/(132/(-24) - -6) a prime number?
False
Let x(a) = 1 + 9*a - 4*a - 7*a + 0*a + 2*a**2 + 60*a**3. Is x(2) composite?
True
Let j = -535 - -5950. Suppose -2*a - 2*k - 13537 = -7*a, k = 2*a - j. Is a prime?
True
Suppose 2*j - 2*i - 760 = 0, -2*j + 788 = -0*j + 5*i. Suppose -j = 3*x - 1827. Is x a composite number?
True
Is (45891/12*2)/((-3)/(-2)) a prime number?
True
Suppose 0 = 185*g - 184*g - 78497. Is g a prime number?
True
Let f(x) = -x**3 - 27*x**2 - 17*x + 94. Is f(-27) a prime number?
False
Let y be ((-64)/20)/(4/20). Let o be -2 + (-94 - (6 + -3)). Let i = y - o. Is i prime?
True
Let m(d) be the second derivative of 2*d**6/15 - d**5/60 + d**4/12 - d**3/6 - d**2/2 - d. Let z(u) be the first derivative of m(u). Is z(2) a composite number?
False
Let j(v) be the second derivative of -v**5/20 + 5*v**4/12 + v**3/6 - 5*v**2/2 - 4*v. Let a be j(4). Suppose -3*z - 2*z = -a. Is z a composite number?
False
Let w = 4987 - -2961. Is w/20 + 4/(-10) a composite number?
False
Let c = -37 - -41. Suppose s - 3*l - 79 = 0, c*l - 60 - 58 = -2*s. Is s a prime number?
True
Let q be 3 - (-160)/(-15) - 2/6. Is (4/q)/(4/(-2008)) composite?
False
Suppose 23*a - 3*z = 26*a - 13164, 2*a - 8766 = -4*z. Is a a composite number?
True
Suppose -4*c = 4*l - 12900, 4*c - 12880 = -0*c + l. Is c prime?
True
Suppose 0 = 4*j - 0*j - 24. Suppose -5*l + 9 = -j. Suppose -p + 0*m = -m - 306, -l*p - 4*m = -925. Is p a composite number?
False
Let v be ((-8)/(-10))/((-4)/20). Let f(j) = -59*j + 15. Is f(v) a prime number?
True
Let w be (-6316)/(-68) - 4/(-34). Let c = -44 + w. Is c prime?
False
Let l be 2 + 5737 - (0 - 4). Suppose l = 7*k - 4848. Is k a composite number?
True
Suppose -187*p = -32*p - 25580735. Is p a prime number?
True
Suppose 2*k = -2*n - 2*k, -2*n - k - 9 = 0. Is 3 + n - (-373 - 1) prime?
False
Suppose 0 = -5*y - 40 + 50. Suppose 2*m + 0*x = 3*x + 6403, y*m - 6407 = -x. Is m prime?
True
Let z = 8 - 6. Let f be (z + 9/(-3))*-5. Let a(w) = 8*w**2 + 2*w + 4. Is a(f) a composite number?
True
Let l(w) = 341*w**2 - 2*w - 1. Let q(t) = 343*t**2 - 3*t - 1. Let m(u) = 4*l(u) - 3*q(u). Let d = 2 + -1. Is m(d) composite?
True
Let o(i) be the second derivative of -i**4/12 + i**3 - i**2/2 + i. Let t be o(6). Is (-1950)/(-40) + t/(-4) a prime number?
False
Let l(x) = x**2 - 5*x - 22. Suppose -3*q - q + 3*o + 8 = 0, -2*q + 6 = -o. Let d(f) = f**2 - 5*f - 21. Let w(s) = q*d(s) - 4*l(s). Is w(12) a prime number?
True
Let w = -47 - -76. Suppose -2*j + 18874 = 4*q, 4*j - 9 = -w. Is q composite?
False
Let c(d) = 2048*d + 85. Is c(3) a composite number?
False
Let b = 44 + -44. Suppose 3*k - k + 5*d = 1280, b = 5*d - 10. Is k prime?
False
Let j(r) = -13*r - 5. Let x be j(-4). Suppose 18 = -5*u + n - 40, 4*u = n - x. Is ((-102)/6)/(1/u) a prime number?
False
Let c = 57561 + -34102. Is c prime?
True
Let q(m) = -1289*m**3 - 4*m**2 - 13*m + 7. Is q(-3) composite?
True
Is 26908 + 0 - -8*(-10)/16 a composite number?
False
Let k = 66 + -13. Let f = 0 + 4. Suppose 4*r - 265 - k = 2*g, 312 = 4*r + f*g. Is r composite?
False
Let d = 43 - 39. Suppose -7115 = d*z - 20343. Is z a composite number?
False
Let a(o) = 10*o**3 - 4*o**2 - 13 + 8*o - 11*o + 9*o. Is a(4) composite?
False
Let q(r) = 11*r**2 + 2*r - 11. Suppose 8*j - 64 = -0*j. Is q(j) a prime number?
True
Suppose -90 = g - 3*g. Suppose 4*i - 697 = -g. Is i a composite number?
False
Suppose h + 0 - 2 = 0. Let n be (99/27)/(h/42). Let m = -24 + n. Is m composite?
False
Let k(v) = 1280*v + 1. Let w be k(1). Let b = 317 + -1219. Let o = w + b. Is o a composite number?
False
Let a(f) = 10*f**2 + 5*f + 7. Let t = -31 + 25. Is a(t) a prime number?
True
Suppose -7*j = j - 24440. Suppose -j = -4*c - 1283. Is c a composite number?
False
Suppose -3*t - 3*r = 6, -3*t - r + 4 = -0. Let c(g) be the third derivative of g**5/30 - g**4/12 - g**3/6 + g**2. Is c(t) a composite number?
False
Is (2333415/20)/7 - 11/44 prime?
False
Suppose -13*c + 98006 = -74127. Is c prime?
True
Is 12 - 3 - (-17700)/15 a prime number?
False
Suppose 5*j = 31 + 69. Suppose -3*k + 3*d = 8*d - j, 3*k + 12 = 3*d. Suppose 4*x + 12 = k, -2*x = -5*p + 2*p + 63. Is p a composite number?
False
Let m(n) = n**2 + 3*n + 2. Let g be m(-4). Is 99 + (-4)/g*3 a prime number?
True
Let i = 14316 - -1111. Is i a prime number?
True
Is -4*(-2)/6*55866/8 composite?
False
Let k(u) = 294*u + 1. Let i(f) = 1. Let o(m) = -6*i(m) + k(m). Is o(3) prime?
True
Is 6/4*50754/9 prime?
False
Suppose 0 = 6*o - 64281 + 11589. Is o prime?
False
Suppose -q = -3*q - 78. Let f = 74 + q. Is f a prime number?
False
Let l = -41135 - -66544. Is l prime?
True
Suppose -4*f + 205 = -539. Suppose f = 3*u - 483. Is u prime?
True
Let s be -209 + 26 - (0 - 0). Let l = 472 + s. Is l a composite number?
True
Let s(v) = 5*v**2 - 13*v + 6. Let b(x) = 4*x**2 - 12*x + 7. Let r(o) = -6*b(o) + 5*s(o). Let q be r(-8). Is q + 6 - (-295 + 2) composite?
True
Let l = 4848 + -2667. Is l prime?
False
Let g(z) = z**2 - 3*z - 2. Suppose -2*o + 10 = 2. Let q be g(o). Suppose -417 + 1362 = 5*x + 5*b, 0 = -q*x - b + 376. Is x a prime number?
False
Let k(g) be the third derivative of 1/8*g**4 + 2/3*g**3 + 0 - 3*g**2 + 0*g + 7/30*g**5. Is k(3) a prime number?
True
Suppose -3*f = -h + 739, -9*f = 5*h - 5*f - 3657. Is h a composite number?
False
Is (-6)/(-51)*17 + (0 - -75063) prime?
False
Let h = -20 + 35. Suppose f - 1 = 0, j + f - h = -j. Suppose j*g - 2*g - 395 = 0. Is g prime?
True
Let l(u) = u**2 - 2*u - 4. Let q = 16 + -8. Let x be l(q). Suppose x = w + 9. Is w a composite number?
True
Suppose 964 - 16998 = -4*v - 2*l, -5*v + 20032 = -l. Suppose -3*h - t = -v, -4*t = -6*h + 10*h - 5332. Is h composite?
True
Suppose -4*i + 16 = -3*q, -9 + 1 = -2*i - 3*q. Suppose -i*u - 1293 = -3*l + 1896, 2*u - 4274 = -4*l. Is l a prime number?
False
Suppose j + 3*z - 36201 = 0, -7*j + 4*j = 2*z - 108631. Is j a prime number?
False
Let z(i) = 20*i + 5. Suppose -5 = -y - 1. Let l be 3/(-6) - (-18)/y. Is z(l) a prime number?
False
Let d = 326 - 127. Is d composite?
False
Let r be 12/(-10)*-5 + 2. Let u(t) = 4*t - 38. Let w(h) = -3*h + 25. Let a(d) = r*w(d) + 5*u(d). Is a(-12) a composite number?
True
Suppose -3*k = 5*k - 96. Let w be 9/k*(4 - -2848). Let y = -1232 + w. Is y composite?
False
Let r(w) be the first derivative of 5*w**3/3 + 4*w**2 - 8*w - 1. Let s = 41 + -48. Is r(s) composite?
False
Let q = -379 - -788. Is q composite?
False
Let i = -18 - -172. Suppose 0 = -4*v + 8*v - 1172. Let o = v - i. Is o prime?
True
Suppose 0 = 27*w - 348872 + 92318. Is w a composite number?
True
Suppose -2*l + 3*p = 2*l - 64459, 0 = -4*l + 2*p + 64454. Is l prime?
True
Suppose -2*q = -12*q + 50. Suppose 3*f - 1118 = 5*d, -4*f + 3*f + q*d = -356. Is f prime?
False
Suppose 2*x - 6*g + 96 = -2*g, -4*g - 184 = 5*x. Let y be (-23870)/x + 2/8. Is (y/12)/(5/20) a prime number?
True
Let t(m) = m**2 + 3*m + 1459. Is t(0) prime?
True
Let b = -65 + 65. Suppose 7955 = 3*n + 2*w, 3*n + 4*w + b*w = 7951. Is n composite?
True
Let t = 1719 + -975. Suppose 0 = -4*g - 3*x + 737, -4*g + t = x - 5*x. Is g a prime number?
False
Let w = -14 - -17. Suppose 3 = 4*l - w*l. Suppose -l*q = -5*g - 271, -4*q + g = 2*g - 346. Is q composite?
True
Suppose -5*h = u - 10, -18 = -4*h - 3*u + 1. Let a(g) = 15*g**2 + 1 + 6*g**2 + 0. Is a(h) composite?
True
Suppose 13 = 2*q - 7. Let l(x) = 3*x**2 - 4*x + 16. Let i be l(q). Suppose -829 = -5*a + i. Is a a composite number?
True
Let v be 275/(-13) + (-14)/(-91). Let k be (2 - 83)*238/v. Let p = -625 + k. Is p composite?
False
Suppose -109*y + 128*y = 1335149. Is y composite?
False
Let l(q) = 270*q + 7. Let d(f) = -f**2 + 8*f - 11. Let a be d(3). Is l(a) prime?
True
Let y(v) = -190*v - 203. Is y(-43) a prime number?
False
Let h(c) = 10*c**2 - 25*c + 38. Is h(9) composite?
True
Suppose 3*k + 34 - 10 = v, k = v - 18. Suppose 4*d + d = v. Is 46 - (d - 18/3) prime?
False
Let t be (-4)/(-1) + -5 + 4. Is (3 - 1 - t) + 84 a prime number?
True
Let k(c) = -2*c + 1. Let a be k(3). Is (